.
-6
Let q(n) = -n**2 - 6*n - 1. Determine q(-4).
7
Let t(y) = -y**3 + 3*y**2 + 3*y + 2. What is t(3)?
11
Let g(u) = u**2 + u. Give g(3).
12
Let x(c) = 11*c**3 + 5*c + 3. Calculate x(-1).
-13
Let x(w) = -w**3 - 3*w**2 + 13*w + 10. Determine x(-5).
-5
Let r(g) = -18*g**2 + 4*g + 1. Give r(-1).
-21
Let s(y) = 12*y - 8. Determine s(1).
4
Let l(s) = -13*s - 158. Calculate l(-10).
-28
Let g(p) = p**3 - 13*p**2 - 13*p - 1. Give g(14).
13
Let y(a) = 2*a**2 + 3*a. Calculate y(0).
0
Let i(p) = p**3 - p**2 - 2*p - 2. What is i(3)?
10
Let n(r) = r + 11. Give n(-15).
-4
Let g(f) = -f**3 + 4*f**2 + 12*f - 1. Give g(6).
-1
Let y(x) = -8*x**2 - 51*x + 4. Determine y(-7).
-31
Let d(p) = 2*p - 31. Determine d(6).
-19
Let d(k) = k**3 + 7*k**2 - 19*k - 141. Determine d(-6).
9
Let j(y) = -y**3 + 16*y**2 + 14*y + 54. Determine j(17).
3
Let o(y) = -5*y**3 + 4*y**2 + y - 1. Give o(-1).
7
Let o(i) = -2*i**3 - i**2 - 3*i - 1. Give o(-3).
53
Let t(s) = -2*s**3 - 8*s**2 - 4*s + 1. What is t(-4)?
17
Let o(h) = 3*h. What is o(1)?
3
Let k(i) = i**3 - 8*i**2 + 2*i + 37. Calculate k(7).
2
Let o(g) = -g**3 + 5*g**2 + g - 15. What is o(4)?
5
Let c(z) = -z**2 + 61*z - 332. Give c(55).
-2
Let m(k) = -12*k + 390. Give m(34).
-18
Let d(b) = -b**3 + 5*b**2 - 8*b + 6. Give d(4).
-10
Let b(p) = p**2 - 13*p + 24. What is b(10)?
-6
Let h(b) = 11*b**3 + 3*b**2 - 2*b - 1. Calculate h(1).
11
Let c(t) = -t**3 - 22*t**2 - 2*t - 43. Give c(-22).
1
Let t(m) = -m**2 - 2. Determine t(2).
-6
Let u(q) = -3*q**3 - q**2 + 2*q - 1. What is u(1)?
-3
Let s(f) = f**3 + 19*f**2 + f - 48. Give s(-19).
-67
Let j(z) = z + 13. Calculate j(10).
23
Let n(v) = 2*v**3 - 6*v - 7. Determine n(-2).
-11
Let d(v) = -2*v**3 + 15*v**2 - 6*v - 11. Give d(7).
-4
Let t(z) = -z**3 - z**2 + 13*z + 4. What is t(3)?
7
Let i(j) = j**3 + 7*j**2 - 13*j - 3. Give i(2).
7
Let j(a) = -a**3 + 3*a**2 - 2. Determine j(3).
-2
Let s(m) = m**3 + 11*m**2 + 10*m + 3. Calculate s(-10).
3
Let u(z) = -z**3 + 9*z**2 - 11*z + 6. Calculate u(7).
27
Let u(i) = i**3 + 3*i**2 - 5*i - 12. What is u(-4)?
-8
Let f(h) = -15*h - 7. What is f(3)?
-52
Let r(f) = 4*f**3 - f**2 - 4*f + 1. Calculate r(3).
88
Let j(k) = -k - 15. Give j(-8).
-7
Let j(i) = -2*i**3 - 32*i**2 - 30*i + 6. Determine j(-15).
6
Let o(x) = 6*x**2 + 3*x + 3. Determine o(-2).
21
Let p(d) = -5*d + 3. What is p(1)?
-2
Let l(o) = -9*o + 83. Determine l(8).
11
Let j(l) = -l**2 + 5*l + 25. What is j(8)?
1
Let u(n) = -n**2 - 9*n - 9. What is u(-4)?
11
Let l(t) = -4*t**3 - 27*t**2 + 9*t + 11. Give l(-7).
-3
Let o(r) = r**3 + 9*r**2 - 10*r - 1. Calculate o(-10).
-1
Let i(y) = -y**3 - 6*y**2 + 12*y - 36. Give i(-8).
-4
Let g(w) = 3*w - 19. Determine g(8).
5
Let o(f) = -f**3 + 4*f**2 - 2*f + 3. Determine o(4).
-5
Let s(k) = 3*k**3 + 21*k**2 - 2*k - 14. What is s(-7)?
0
Let m(k) = 5*k + 9. Calculate m(5).
34
Let n(a) = -9*a + 20. Calculate n(4).
-16
Let x(a) = -a**2 + 14*a - 17. Give x(8).
31
Let b(v) = -v**2 + 12. What is b(-5)?
-13
Let d(s) = -2*s + 33. Give d(16).
1
Let a(r) = -r**2 - 4. What is a(3)?
-13
Let a(x) = -8*x + 36. Determine a(-1).
44
Let q(u) = -18*u - 1. Calculate q(2).
-37
Let u(q) = q**3 + 16*q**2 - 3*q - 29. Calculate u(-16).
19
Let l(z) = -2*z + 30. Calculate l(21).
-12
Let z(v) = 20*v - 79. Give z(4).
1
Let u(q) = q**3 + 11*q**2 - 2*q - 16. Determine u(-11).
6
Let s(q) = -q**2 - 28*q - 98. Calculate s(-24).
-2
Let z(l) = -6*l - 73. Give z(-13).
5
Let m(s) = 5*s - 2. Give m(-1).
-7
Let j(o) = o**3 - 5*o**2 - 15*o + 21. Determine j(7).
14
Let d(w) = -w**3 + 6*w**2 - 6*w - 6. What is d(5)?
-11
Let b(i) = i**2 - 13*i + 23. Calculate b(12).
11
Let a(b) = -b**3 - 4*b**2 + 60*b + 236. Determine a(-4).
-4
Let w(t) = -15*t. What is w(1)?
-15
Let o(n) = 10*n**2 - n + 2. What is o(2)?
40
Let u(a) = -37*a**3 - 2*a**2 - 3*a - 2. Calculate u(-1).
36
Let w(c) = c**3 - 10*c**2 - 13*c + 26. What is w(11)?
4
Let m(c) = c**3 - 5*c**2 - 2*c - 2. Give m(5).
-12
Let z(s) = s - 12. Give z(14).
2
Let h(y) = -y - 10. What is h(-18)?
8
Let v(p) = -p**2 - 21*p - 104. What is v(-7)?
-6
Let s(k) = -k**2 + k + 3. What is s(-3)?
-9
Let l(s) = -3*s - 38. Determine l(-14).
4
Let t(l) = -l**3 - 24*l**2 - 13*l + 237. Determine t(-23).
7
Let s(x) = 25*x - 71. What is s(2)?
-21
Let l(o) = -o**2 - 12*o - 22. Determine l(-9).
5
Let g(z) = -z - 8. Calculate g(-4).
-4
Let f(n) = n**3 + 9*n**2 - 8*n - 17. What is f(-10)?
-37
Let o(j) = -j**3 + j**2 + 4. Calculate o(3).
-14
Let u(h) = h**2 + h - 17. What is u(-4)?
-5
Let f(g) = 4*g - 52. Give f(12).
-4
Let h(l) = -l**2 - 9*l - 15. Give h(-2).
-1
Let v(c) = 5*c**3 + c**2 + 2*c. Give v(-1).
-6
Let r(d) = -9*d + 110. Calculate r(13).
-7
Let c(d) = -142*d + 999. Determine c(7).
5
Let w(m) = -m**3 - 7*m**2 + 6*m - 11. Determine w(-7).
-53
Let y(j) = -j**2 + j + 48. Give y(-6).
6
Let v(h) = -h**3 - 11*h**2 + 12*h + 6. Determine v(-11).
-126
Let s(p) = -2*p**2 - 72*p + 506. Give s(-42).
2
Let p(o) = -o + 10. Give p(10).
0
Let k(u) = u**3 - 2*u**2 + u + 9. Determine k(-3).
-39
Let r(z) = -z - 13. Give r(-6).
-7
Let t(a) = -a - 15. What is t(-15)?
0
Let d(i) = -26*i + 74. Give d(3).
-4
Let z(k) = -3*k**3 + 8*k**2 - 2*k + 3. What is z(5)?
-182
Let q(r) = -r**3 + 21*r**2 + 13*r + 192. What is q(22)?
-6
Let f(p) = p**3 - 7*p**2 + 4*p - 9. Calculate f(6).
-21
Let w(a) = 3*a. What is w(5)?
15
Let k(h) = h**2 - 4*h - 134. What is k(-9)?
-17
Let k(n) = -n**2 + 10*n + 9. What is k(10)?
9
Let y(a) = -a**3 - 12*a**2 + 48*a - 5. What is y(3)?
4
Let w(s) = 14*s - 1. Give w(2).
27
Let c(l) = -11*l + 13. Calculate c(5).
-42
Let g(i) = -i**3 + 5*i**2 + 8*i + 13. What is g(8)?
-115
Let f(b) = -b**2 - b - 4. Determine f(3).
-16
Let i(k) = 11*k - 26. Give i(3).
7
Let k(c) = c**3 - 5*c**2 - 4*c + 4. What is k(6)?
16
Let y(g) = -g**2 - 16*g - 9. What is y(-10)?
51
Let n(z) = 3*z**3 - 2*z**2 - 10*z - 17. Give n(-3).
-86
Let n(j) = -2*j**3 - 62*j**2 - 63*j - 65. Calculate n(-30).
25
Let k(r) = -11*r - 57. Give k(-12).
75
Let w(i) = -13*i + 68. Give w(7).
-23
Let i(r) = -9*r + 36. What is i(0)?
36
Let d(q) = -3*q**2 - 14*q + 8. What is d(-6)?
-16
Let w(b) = -8*b - 25. What is w(-10)?
55
Let l(u) = u**3 + 24*u**2 + 3*u + 58. Determine l(-24).
-14
Let n(c) = -c**3 - 17*c**2 - 32*c + 14. Give n(-15).
44
Let p(d) = -4*d - 2. Determine p(1).
-6
Let o(w) = -w**3 - 15*w**2 - w + 35. Give o(-15).
50
Let k(i) = 17*i + 27. What is k(6)?
129
Let m(b) = -5*b + 2. What is m(-2)?
12
Let n(l) = -l**3 - 3*l**2 + 19*l - 2. What is n(-6)?
-8
Let i(t) = 43*t + 121. Determine i(-3).
-8
Let f(u) = -u**3 - 9*u**2 - 15*u - 4. Calculate f(-7).
3
Let w(q) = -18*q - 15. What is w(-1)?
3
Let c(u) = -u**2 + 7*u + 18. Calculate c(13).
-60
Let v(q) = q**3 + 9*q**2 + 6*q + 10. Give v(-8).
26
Let f(d) = -31*d**2 - 2*d - 1. What is f(-1)?
-30
Let d(q) = -9*q - 45. Give d(-5).
0
Let r(p) = -p - 1. Calculate r(-10).
9
Let h(t) = 10*t + 126. Calculate h(-15).
-24
Let n(l) = 4*l + 2. Give n(2).
10
Let q(d) = -d**2 + 7*d + 6. Calculate q(7).
6
Let p(n) = n**3 - 6*n**2 + n - 5. Determine p(6).
1
Let w(d) = d**3 - 4*d**2 - 6*d - 5. Calculate w(5).
-10
Let v(m) = m**3 - 8*m**2 + 12*m - 32. Give v(7).
3
Let v(h) = -h**3 - 2. What is v(4)?
-66
Let y(g) = 3*g - 18. What is y(-13)?
-57
Let i(z) = -z**3 - 9*z**2 + z + 12. Give i(-9).
3
Let r(h) = 13*h - 430. Determine r(33).
-1
Let n(l) = -l**3 - 6*l**2 - l - 4. Determine n(-2).
-18
Let l(z) = 2*z**3 - 20*z**2 + 33*z. Give l(8).
8
Let t(b) = -b**2 - 2*b + 16. Give t(0).
16
Let b(n) = -5*n**2 + 12*n - 32. Give b(4).
-64
Let b(f) = 5*f - 3. Give b(3).
12
Let x(m) = -m**2 + 5*m + 1. Give x(3).
7
Let o(z) = 31*z**2 + 2*z - 1. Determine o(1).
32
Let a(c) = -13*c + 11. Calculate a(7).
-80
Let g(y) = -y**2 - 5*y + 11. What is g(-5)?
11
Let c(x) = x**2 - 11*x + 36. Calculate c(5).
6
Let o(i) = -10*i - 1. Calculate o(-1).
9
Let u(i) = i**3 - 9*i**2 + 8*i. What is u(8)?
0
Let d(t) = -t**2 + 2*t + 12. Give d(-8).
-68
Let u(k) = -9*k**2 - 4*k - 4. Give u(-2).
-32
Let k(m) = m**2 - 12*m + 25. Give k(3).
-2
Let o(x) = x**3 - 2*x**2 - 3*x + 1. Calculate o(3).
1
Let m(o) = -4*o + 12. Determine m(2).
4
Let d(t) = -t**2 - 8*t + 10. What is d(-8)?
10
Let k(w) = w - 21. What is k(12)?
-9
Let a(s) = -5*s**2 - 32*s + 3. Determine a(-8).
-61
Let c(d) = d**2 - 3*d - 79. What is c(0)?
-79
Let s(h) = 4*h - 19. Wha